{"id":371,"date":"2024-01-05T23:18:53","date_gmt":"2024-01-05T23:18:53","guid":{"rendered":"https:\/\/liigalihtne.ee\/pood\/?post_type=product&#038;p=371"},"modified":"2024-01-05T23:18:53","modified_gmt":"2024-01-05T23:18:53","slug":"bitcoini-standard","status":"publish","type":"product","link":"https:\/\/liigalihtne.ee\/pood\/index.php\/toode\/bitcoini-standard\/","title":{"rendered":"Bitcoini standard"},"content":{"rendered":"<p>Raamatus \u201eBitcoini standard\u201c juhatab majandusteadlane Saifedean Ammous lugejaid l\u00e4bi rahatehnoloogiate p\u00f5neva ajaloo ja uurib, mis andis neile tehnoloogiatele rahalise rolli, kuidas nad selle kaotasid, mida see \u00f5petab meile raha ihaldusv\u00e4\u00e4rsete omaduste kohta ja kuidas loodi Bitcoin neid tehnoloogiaid t\u00e4iustama. Ammous selgitab p\u00fcsikindla raha majanduslikke, sotsiaalseid, kultuurilisi ja poliitilisi eeliseid ebakindla raha ees, et v\u00f5imaldada teadlikku arutelu Bitcoini v\u00f5imaliku rolli \u00fcle tuleviku digitaalmajanduses. Raamat v\u00e4idab, et vastupidiselt kohati avaldatud arvamustele, nagu oleks tegemist kurjategijate valuuta v\u00f5i odava masstarbijate maksev\u00f5rguga, on Bitcoinist kujunemas detsentraliseeritud, poliitiliselt neutraalne vabaturu alternatiiv riikide keskpankadele, millel v\u00f5ib olla tohutu m\u00f5ju \u00fcksikisiku vabadusele ja heaolule. K\u00f5igile, kes soovivad selget arusaamist sellest uuest digitaalsest rahast, on \u201eBitcoini standard\u201c oluline t\u00f6\u00f6riist.<\/p>\n","protected":false},"excerpt":{"rendered":"<p>Eestikeelne versioon Saifedean Ammous raamatust \u201cThe Bitcoin Standard \u2013 Decentralized alternative to central banking.\u201d<\/p>\n<p>304 lehek\u00fclge<br \/>\nK\u00f5vakaaneline<\/p>\n<p>&nbsp;<\/p>\n","protected":false},"featured_media":374,"comment_status":"open","ping_status":"closed","template":"","meta":[],"product_cat":[15],"product_tag":[],"bundled_by":[],"bundle_stock_status":"instock","bundle_stock_quantity":null,"bundle_virtual":false,"bundle_layout":"","bundle_add_to_cart_form_location":"","bundle_editable_in_cart":false,"bundle_sold_individually_context":"","bundle_item_grouping":"","bundle_min_size":"","bundle_max_size":"","bundle_price":[],"bundled_items":[],"bundle_sell_ids":[],"jetpack_sharing_enabled":true,"jetpack-related-posts":[],"_links":{"self":[{"href":"https:\/\/liigalihtne.ee\/pood\/index.php\/wp-json\/wp\/v2\/product\/371"}],"collection":[{"href":"https:\/\/liigalihtne.ee\/pood\/index.php\/wp-json\/wp\/v2\/product"}],"about":[{"href":"https:\/\/liigalihtne.ee\/pood\/index.php\/wp-json\/wp\/v2\/types\/product"}],"replies":[{"embeddable":true,"href":"https:\/\/liigalihtne.ee\/pood\/index.php\/wp-json\/wp\/v2\/comments?post=371"}],"wp:featuredmedia":[{"embeddable":true,"href":"https:\/\/liigalihtne.ee\/pood\/index.php\/wp-json\/wp\/v2\/media\/374"}],"wp:attachment":[{"href":"https:\/\/liigalihtne.ee\/pood\/index.php\/wp-json\/wp\/v2\/media?parent=371"}],"wp:term":[{"taxonomy":"product_cat","embeddable":true,"href":"https:\/\/liigalihtne.ee\/pood\/index.php\/wp-json\/wp\/v2\/product_cat?post=371"},{"taxonomy":"product_tag","embeddable":true,"href":"https:\/\/liigalihtne.ee\/pood\/index.php\/wp-json\/wp\/v2\/product_tag?post=371"}],"curies":[{"name":"wp","href":"https:\/\/api.w.org\/{rel}","templated":true}]}}